1 (base 5) in base 3?
11111021022
What is 11490263 (base 10) in base 2?
101011110101001111010111
What is 1712538 (base 10) in base 2?
110100010000110011010
What is 220101222001 (base 3) in base 5?
110333020
Convert 214264 (base 7) to base 12.
19877
2525336 (base 9) to base 12
563996
Convert 3a6b2 (base 12) to base 13.
2a833
-88302 (base 13) to base 2
-111100001100101101
-2020304331 (base 5) to base 14
-7801c6
What is -3201022 (base 4) in base 9?
-21681
1110110210 (base 3) to base 4
13001220
What is 365a844 (base 12) in base 15?
ddcb8d
What is -10220122210 (base 3) in base 4?
-102303201
36eb26 (base 16) to base 11
20390a8
Convert -30331030010 (base 4) to base 3.
-20101112220222
-111210220202101 (base 3) to base 12
-255b90a
What is 4747147 (base 12) in base 9?
27833871
What is -3c70e3 (base 16) in base 12?
-13b0343
-307592 (base 10) to base 14
-8014c
Convert -3554012 (base 6) to base 7.
-1403600
Convert -8e58 (base 15) to base 5.
-1431413
What is 2a6525 (base 11) in base 12?
1b014a
What is -1ab1c (base 16) in base 11?
-75170
What is -25b386 (base 12) in base 16?
-97956
Convert -366404 (base 11) to base 2.
-10001101011110010001
-67496 (base 10) to base 9
-112525
12011320331 (base 4) to base 7
16400642
-10001000101111011001000 (base 2) to base 9
-8378338
-44dd7 (base 16) to base 6
-10013515
-201791 (base 10) to base 11
-128677
Convert b0177 (base 15) to base 14.
1070cc
Convert 962730 (base 10) to base 9.
1726550
What is -25704507 (base 8) in base 9?
-11713334
-20022020222 (base 3) to base 11
-85285
-31110300131 (base 4) to base 12
-1205425
Convert -3356349 (base 10) to base 2.
-1100110011011010111101
What is 1151303 (base 6) in base 3?
10010000010
-1631841 (base 9) to base 15
-12da57
What is 12112332223 (base 4) in base 5?
411320422
-1103003300 (base 4) to base 12
-144a68
Convert -1414132311 (base 5) to base 13.
-9b2821
Convert 22220201 (base 3) to base 14.
2523
Convert -27057227 (base 9) to base 8.
-62647530
What is -2285 (base 16) in base 5?
-240322
-44a526 (base 14) to base 8
-10715346
What is -26003221 (base 7) in base 6?
-122242414
-101011100000010000101 (base 2) to base 16
-15c085
What is 1011110101010100111 (base 2) in base 14?
a1447
Convert -28a2c7 (base 14) to base 15.
-1cd108
What is -56446 (base 9) in base 7?
-214314
Convert -655e4 (base 15) to base 9.
-540577
-20402541 (base 6) to base 2
-10010000011011111101
Convert 130241 (base 14) to base 9.
1205414
45587 (base 11) to base 15
147e9
-56800 (base 16) to base 5
-42314204
What is -7a780 (base 15) in base 6?
-12204420
4331332210 (base 5) to base 6
530101122
Convert 5937451 (base 11) to base 2.
100111100001100011010100
What is 318a346 (base 11) in base 2?
10101011000110010111001
Convert -1121200110112 (base 3) to base 16.
-d1eb5
Convert -2005550 (base 10) to base 5.
-1003134200
What is 597ee3 (base 15) in base 10?
4279488
What is 3e8f (base 16) in base 15?
4b2a
What is 214355 (base 7) in base 12?
198b2
Convert 13727650 (base 8) to base 3.
12212202220200
-230320022 (base 4) to base 11
-116118
What is -1011111111001000110 (base 2) in base 16?
-5fe46
Convert -217009 (base 10) to base 8.
-647661
What is 71098 (base 10) in base 2?
10001010110111010
What is -20122112130 (base 4) in base 5?
-1031030314
What is -10001001010111111 (base 2) in base 16?
-112bf
4860785 (base 9) to base 2
1010000100000101010110
What is -32512 (base 14) in base 13?
-43540
What is -112020222011 (base 3) in base 12?
-1164aa
-1000101101001010001 (base 2) to base 9
-474271
Convert 10125252 (base 6) to base 5.
33311423
What is -19a55bb (base 13) in base 15?
-b236ca
What is 112020120 (base 4) in base 11?
62118
-3e199 (base 15) to base 11
-126979
What is cd84 (base 14) in base 13?
1327b
Convert -3300422 (base 5) to base 8.
-156052
What is -3da22 (base 15) in base 12?
-96728
Convert -b4336 (base 12) to base 11.
-150a15
What is -35523 (base 16) in base 11?
-13a0a9
What is -221015042 (base 6) in base 3?
-21110121021222
11124332 (base 6) to base 15
6a202
33200202 (base 5) to base 8
1061500
8bb65 (base 13) to base 10
254597
What is 1452001 (base 6) in base 7?
501601
Convert 3cd7bc (base 14) to base 8.
10034272
What is 7236248 (base 9) in base 4?
32232332300
What is -215836 (base 10) in base 2?
-110100101100011100
What is 528423 (base 10) in base 3?
222211212020
Convert -9330 (base 11) to base 4.
-3001113
17673 (base 8) to base 6
101335
Convert 3c5414 (base 14) to base 8.
7760032
6167627 (base 8) to base 2
110001110111110010111
12052e (base 16) to base 14
22a554
What is -132c20 (base 14) in base 15?
-d0c7a
Convert 17448c (base 13) to base 11.
367400
-147436 (base 8) to base 9
-80653
Convert -1421e5 (base 16) to base 9.
-2430776
What is -ca02b5 (base 13) in base 16?
-4859ec
What is 63a516 (base 12) in base 15?
211213
What is 10100110101101101110010 (base 2) in base 14?
a22bd0
What is 422302334 (base 5) in base 10?
1759719
106146263 (base 7) to base 16
632beb
Convert 243504 (base 6) to base 5.
1142233
What is 184590 (base 11) in base 5?
33043312
Convert -1003120132 (base 4) to base 11.
-1793a8
Convert 2a24a9 (base 12) to base 13.
1baa49
-8a178 (base 11) to base 2
-11111111001010100
Convert 2956968 (base 12) to base 5.
4112430010
What is 7825 (base 13) in base 3?
211222211
What is 248676 (base 10) in base 4?
330231210
Convert 666722 (base 11) to base 3.
2000000011201
-212111212 (base 4) to base 14
-41326
What is 20cb4c (base 13) in base 6?
24304505
-85aa30 (base 14) to base 9
-8454823
What is -240524 (base 6) in base 13?
-96b2
What is 203220 (base 6) in base 15?
4c59
What is 32a285 (base 11) in base 7?
4320522
-2a577 (base 16) to base 4
-222111313
233101020220 (base 4) to base 13
274ac32
What is 1964709 (base 10) in base 14?
392005
What is 133405035 (base 6) in base 14?
500c91
484984 (base 11) to base 3
1110000021102
102201111021 (base 3) to base 7
1650442
What is 231612 (base 7) in base 12?
1bbb3
-120240234 (base 5) to base 16
-87aae
What is -4203611 (base 11) in base 3?
-111221121211102
5115545 (base 7) to base 10
609446
Convert 1422411210 (base 5) to base 7.
43406034
22000001022002 (base 3) to base 11
2444a47
66a1336 (base 11) to base 7
201551346
Convert -1178067 (base 11) to base 15.
-2a6280
422261 (base 7) to base 15
168c2
What is 111212000021 (base 3) in base 12?
111951
Convert -71756 (base 9) to base 5.
-3003044
-171036 (base 8) to base 3
-10011000122
Convert 133011300021 (base 4) to base 2.
11111000101110000001001
392735 (base 11) to base 9
1142337
Convert 22d1356 (base 14) to base 12.
56a4254
-119c678 (base 13) to base 2
-10100111010100010000100
Convert -4536a9a (base 11) to base 4.
-132103220113
What is 7953 (base 12) in base 2?
11010010001111
3955670 (base 12) to base 11
64259a2
What is -40101422 (base 5) in base 2?
-1001101000111010110
Convert 169485 (base 10) to base 6.
3344353
What is -1311131320 (base 5) in base 15?
-43a3aa
What is -ea84a (base 16) in base 11?
-5a6780
What is 570e46 (base 15) in base 3?
21211001212010
-a93b (base 14) to base 7
-151204
-11021133 (base 5) to base 2
-10111001111000000
Convert -110011100000010101111 (base 2) to base 4.
-12130002233
Convert -cc1a5 (base 16) to base 13.
-2336a1
28d45 (base 15) to base 7
1054424
322322123 (base 4) to base 16
3ae9b
Convert 200062 (base 9) to base 8.
346612
What is -34020121 (base 6) in base 4?
-3323033101
Convert -1ca216 (base 13) to base 8.
-2636140
101000001101100 (base 2) to base 13
94a9
What is 1041428 (base 9) in base 5?
120340024
What is 966141 (base 11) in base 8?
5712361
Convert -5012155 (base 6) to base 12.
-b405b
Convert 1100110101101100011110 (base 2) to base 5.
1330200122
1117055 (base 10) to base 14
211139
What is -106054 (base 9) in base 6?
-1205504
What is 103202242 (base 5) in base 2?
1101100011010101000
-573397 (base 10) to base 14
-10cd6d
Convert -734047 (base 9) to base 11.
-278620
What is 125e87 (base 15) in base 8?
3270211
-4a09617 (base 12) to base 16
-dc7833
-600b4 (base 12) to base 10
-124552
1643457 (base 10) to base 12
6730a9
365563 (base 7) to base 6
1233224
What is -7ca51 (base 13) in base 9?
-376735
27bc10 (base 15) to base 10
1912965
-219911 (base 10) to base 6
-4414035
What is 13535626 (base 7) in base 9?
2344701
Convert 54a5d (base 16) to base 4.
1110221131
What is -27065 (base 12) in base 13?
-1b557
Convert 15022465 (base 7